 15744 and s.
123
Let v = -3378 - -3905. Calculate the highest common factor of v and 17.
17
Let p = -1584 - -4518. What is the greatest common factor of p and 30?
6
Let n be ((-28)/(-3))/2*(360 - (-26 - -29)). Calculate the greatest common factor of n and 196.
98
Suppose 1144 = 3*z - 2*k, -z - 2*k + 88 = -280. Suppose -4*s = -3*y - 56 + 12, 3*s = -y + 46. Calculate the greatest common factor of z and s.
14
Let d be ((-392)/(-245))/((-4)/10) + 52. Let p(h) = 2*h - 11*h - h**2 + 1 - 3*h. Let z be p(-7). What is the highest common divisor of d and z?
12
Suppose 131 = -8*r + 419. Let l = -28 - -44. What is the greatest common factor of l and r?
4
Let d(r) = -r**3 - 34*r**2 + 67*r + 160. Let c be d(-36). Let i = 2 + 8. Calculate the greatest common factor of c and i.
10
Let k = 3206 - 3094. Let u = -65 - -93. What is the greatest common factor of u and k?
28
Let h = -10069 - -10445. Let m(d) = 48*d - 1. Let i be m(1). Calculate the highest common divisor of i and h.
47
Suppose 5*f = 3*l - 72, 2*f + 32 = -3*l + l. Let g be (2176/(-102))/(1/f). What is the greatest common divisor of 10 and g?
10
Let l be (-456)/((6/12)/((-2)/6)). Suppose 4*k - l = -2*g, 230 = 2*k + k + g. Let v be 0/3 + k - 3. What is the highest common divisor of 30 and v?
15
Let s = -5016 - -5100. What is the highest common divisor of s and 4200?
84
Suppose 0 = 2*o, 1967*o = -t + 1965*o + 64. Let q = -11 + 15. Suppose 0*x = q*x - 32. Calculate the greatest common factor of t and x.
8
Let d = 0 + -10. Let t be (0 + (-155)/d)*2. Let h = -27 + t. What is the greatest common divisor of 1 and h?
1
Let v = 136 + -298. Let d be 2 + v/(-2) + 1/1. What is the highest common factor of d and 12?
12
Let w(y) = y**2 - y - 11. Let c be w(4). Let m be ((-72)/216)/(c + 103/(-102)). Calculate the highest common factor of m and 306.
34
Let l be (-182)/(-4) - ((-36)/(-8))/9. Suppose 158*k = 301 + 489. Calculate the highest common factor of k and l.
5
Let r be ((-611)/(-2))/((-67)/(-134)). What is the highest common divisor of 470 and r?
47
Let v be -14 + 0 + 741 + -657. Calculate the greatest common factor of v and 17535.
35
Let k(d) = -4*d - 3 + d**2 + 0*d**2 + 1 - 2*d**2. Let i be k(5). Let a = -43 - i. What is the highest common factor of 8 and a?
4
Suppose -4*g = -d + 74, -3*d = -76*g + 81*g - 137. What is the greatest common divisor of d and 54?
54
Let k(a) = -12*a**3 + 7*a**2 + 26*a + 236. Let o be k(-9). Calculate the greatest common factor of o and 77.
77
Let h(z) = -z**3 + 6*z**2 - 6*z - 3. Let w be h(7). Let k = 107 + w. Let b = -82 - -134. Calculate the highest common divisor of k and b.
13
Let v be (40 + -35)/(10/86) - 2*-1. Calculate the greatest common divisor of v and 1305.
45
Let f = 1047 + -440. Let l = f + -597. What is the highest common divisor of l and 550?
10
Let t(v) = -5*v**2 + 35*v + 35. Let n be t(17). Let x = n - -1158. Calculate the greatest common factor of x and 196.
49
Let c be (-2)/6 + (-14)/(-6) - (-252)/14. Let n = 27 + 13. What is the greatest common factor of n and c?
20
Suppose 5*w = 7*w - 1538. Let h = -720 + w. Calculate the greatest common factor of h and 784.
49
Suppose -9*x = -51 + 6. Suppose x*q - 309 = -c - c, -6 = 2*q. Calculate the greatest common factor of c and 9.
9
Let o be (-1 - 20/(-15))/((-2)/(-168)). Let q be 86/9 + o/63. Calculate the highest common divisor of 9 and q.
1
Suppose 0*g + 3*g - 4*o - 16 = 0, -5*g = -3*o - 12. Suppose g = 5*j + 3 - 803. Calculate the highest common divisor of 40 and j.
40
Suppose -108*y + 132*y = 7656. Let i = -8 - -12. Let r be (-114)/(-4) - (-2)/i. What is the greatest common divisor of y and r?
29
Let r = -17 - -12. Let t be 1 - (r - -68 - 0/(-2)). Let y = 64 + t. What is the highest common divisor of y and 4?
2
Let d(b) = -b**3 + 2*b**2 + 13*b + 22. Let o be d(-4). Suppose i = 3*i - 5*v - 195, 0 = i - 4*v - 90. Calculate the greatest common divisor of i and o.
22
Suppose 0*c + 3*c = -3*u - 153, -4*u + 132 = -3*c. Let z = c + 73. Let r = 18 - -7. Calculate the highest common divisor of z and r.
25
Suppose 18*y = 24*y + 1680. Let k = -95 - y. Suppose -k = -3*v + 298. What is the greatest common factor of 23 and v?
23
Let n(k) = k**2 - 13*k - 9. Let z be n(-10). Calculate the greatest common divisor of 323 and z.
17
Let o = -4402 + 4446. What is the greatest common factor of 748 and o?
44
Suppose 5*t + 10406 - 20023 = 22513. Calculate the greatest common divisor of 56 and t.
14
Suppose -8*t + 28 + 228 = 0. Calculate the highest common divisor of 6432 and t.
32
Let r = -765 + 784. What is the greatest common divisor of r and 437?
19
Let a = 15889 - 14074. Calculate the highest common factor of 1045 and a.
55
Let z(k) = -6 - 6 - k + 14. Let j be z(-5). Suppose 3*p = j*p - 384. What is the greatest common factor of p and 16?
16
Let k be -88*14/(-84)*663/4. What is the greatest common divisor of 154 and k?
11
Let c = 25 - 27. Let t be c/(-3) - (-1 + (-768)/9). Calculate the highest common factor of 145 and t.
29
Suppose 2*f - f - 13 = 0. Suppose -51*y - 32659 + 81058 = 0. Suppose y = 31*i + 143. Calculate the highest common factor of f and i.
13
Let f(h) = 963*h - 4789. Let r be f(19). Calculate the greatest common divisor of r and 44.
44
Let h = 14 - -36. Let w be (-8 - 1) + (23 - 5 - -21). Calculate the greatest common factor of h and w.
10
Let b = 53 - -1. Let k(x) = -x**2 + 16*x + 241. Let m be k(27). Let y be (m + 48)/(1/(-9)). Calculate the greatest common divisor of b and y.
18
Let p be 11/(33/(-48)) - (1 - 3). Let c be ((-20)/(-6))/(p/(-252)). Calculate the highest common divisor of c and 60.
60
Let b be (27/4)/(-9)*(-120)/3. Let j be 4680/6*(91/14 - 6). Calculate the highest common divisor of j and b.
30
Let d be -10 + (-1027)/(-4 + -9). Calculate the greatest common divisor of d and 1472.
23
Let u be (36/60)/(3/(-15)) + 18. Let j(r) = -28*r - 1. Let o be j(-7). Calculate the greatest common factor of u and o.
15
Suppose 0*g + 3*g = -4*g. Let k(c) = -2*c**2 + 8*c + 22. Let i be k(g). Calculate the greatest common factor of 154 and i.
22
Let c(r) = -54*r - 1367. Let o be c(-34). What is the greatest common divisor of o and 77?
7
Let n be 6632/(-14) + -1 + 4/(-14). Let c = n + 500. What is the highest common factor of 675 and c?
25
Suppose -124 = 14*r - 376. Let z be (0 - -6)*2*12/r. What is the highest common divisor of 236 and z?
4
Let t be ((-14)/3)/(4/(-54)). Suppose b + 17 + 19 = 3*y, -y - 132 = 5*b. Let u = 36 + b. Calculate the highest common divisor of t and u.
9
Let n = 69141 + -69131. Let o be 1/((-1)/(-6))*3. What is the highest common factor of n and o?
2
Let a = 5552 + -5500. What is the greatest common divisor of a and 169?
13
Suppose 15*o + 2781 = 3*a + 17*o, -5*o = -2*a + 1816. What is the highest common divisor of a and 71?
71
Suppose -110*s + 148253 = -217057. What is the greatest common divisor of s and 81?
81
Suppose -57 + 552 = 5*x. Let y = x + -96. Let r be (-4 - (-16)/3)*y - -20. Calculate the greatest common divisor of r and 96.
24
Let i = -3083 + 3132. What is the highest common factor of 6 and i?
1
Let q(n) = -n**3 - 33*n**2 - 2*n - 9. Let h be q(-33). Suppose 0 = -h*x + 48*x + 5328. Calculate the highest common divisor of 16 and x.
16
Suppose 7*h = -0*h + 35. Let m(y) = y**2 - 20. Let z be m(h). Suppose 12 = -z*f + 8*f. What is the highest common divisor of 2 and f?
2
Let d(v) = -2*v**3 + 2*v**2 - v + 1. Let b be d(2). Let k = b + 25. Suppose 30 = 31*w + 99 - 317. Calculate the highest common factor of k and w.
8
Suppose -8 = 3*s - 11. Let a be 1 - (-4 + s) - 4. Suppose a = 6*k - k - 25. What is the greatest common divisor of 10 and k?
5
Suppose 2*y - 5*m = 13, 0 = 3*m - 7*m - 12. Let n be (11 + y)/((-16)/(-3 + -5)). Suppose n*k = 2*k + 735. What is the greatest common factor of k and 35?
35
Let f(x) = x**2 + 5*x - 7. Let g be 24/12 - -1*1. Let l be f(g). Let o(r) = -86*r**3 + 2*r + 1. Let q be o(-1). What is the highest common divisor of q and l?
17
Suppose -2*y + 5*a = 42 - 143, -2*a + 214 = 4*y. Suppose 5*o - 2*n - 1 - 49 = 0, -4*o - n = -y. Calculate the highest common factor of 204 and o.
12
Let g(s) = 3*s**2 - 4*s**2 + 8923*s - 8908*s + 2. Let j be g(15). Calculate the greatest common divisor of j and 46.
2
Suppose -x = -t + x + 8, 2*t - x - 10 = 0. Let w(z) = 33*z - 7. Let h 